10/(-45) + 22. Give w(i).
13
Let d(t) = 324*t**2 + 21*t + 53. Let v(f) = -216*f**2 - 13*f - 33. Let x(m) = -5*d(m) - 8*v(m). Determine x(1).
106
Let i(l) be the first derivative of 6 + 1/3*l**3 - 6*l - 9/2*l**2. Calculate i(10).
4
Let z(k) be the third derivative of k**5/60 - k**4/12 + k**3/2 + 14*k**2. Let y be z(6). Let b = -21 + y. Let m(i) = i**3 - 6*i**2 - 3*i + 2. Determine m(b).
-16
Let l(s) = s**3 + 22*s**2 - 37*s + 259. Suppose 3*q = -2*q + 2*w - 124, 2*q - w + 50 = 0. What is l(q)?
-5
Let v(g) = 2*g**2 + 4*g + 4. Suppose 10*r - 1584 = -2*r. Let y(m) = 0*m + 131*m**2 - r*m**2 - m - 1. Let l(b) = v(b) + 5*y(b). Give l(-1).
-3
Suppose 69*t - 6 = 72*t. Let a(d) = 12*d + 23. Let q be a(t). Let g(k) = 7*k**2 + 1. Determine g(q).
8
Let z(j) be the first derivative of -j**4/24 - j**2/2 - 2*j - 342. Let u(v) be the second derivative of z(v). Determine u(9).
-9
Let i(x) be the first derivative of -x**4/2 + 3*x**2 + 5*x - 39. Determine i(-1).
1
Let l = 114 - 105. Let o(x) = -l - 15 + 23 - 4*x. What is o(4)?
-17
Let n = -15 + -30. Let y = -52 - n. Let l(x) = -8045*x - 4 + 8043*x - 6. What is l(y)?
4
Let b(w) be the first derivative of w**4/4 + w**3 - 2*w**2 + 4*w - 1. Suppose -812 - 160 = 243*c. Calculate b(c).
4
Let r = -29 + -62. Let u = r - -91. Let x(m) = m**2 + m + 1. Calculate x(u).
1
Suppose 1563*c - 1569*c - 72 = 0. Let s(i) = i + 27. What is s(c)?
15
Let t(j) = -44*j - 2. Let r(h) = 23*h + 1. Suppose -9*c + 3 = 48. Let p(m) = c*r(m) - 2*t(m). Determine p(1).
-28
Let h(j) = 4*j**2 - 14*j + 5. Suppose d - 5 = -2*r, 3*r + 2*r + 5*d - 5 = 0. Let f be h(r). Let u(q) = 25 - f - 2*q**2 - 10 + q**2. What is u(2)?
-2
Suppose d + 4*v - 104 + 142 = 0, -2*d - 43 = -3*v. Let w(l) = -l**3 - 24*l**2 + 51*l - 11. Give w(d).
15
Let s(l) = -l**3 - l**2 + 3*l - 4. Let n(t) = -t - 25. Let x be n(14). Let u = x + 51. Suppose a = -h - 0*a - 3, 0 = -4*h - a - u. Calculate s(h).
5
Let y(c) = c - 1. Let q be 510/65 + 8/52. Let s = 71 + -61. Suppose -s - q = 6*z. Give y(z).
-4
Let b(u) = -3*u**2 - u + 4. Suppose 2*w + 4*y = 7*w - 235, 33 = w + 2*y. Suppose -w*f - 45 = -58*f. Calculate b(f).
-26
Let f(l) = l**3 - 11 - 65*l - 5*l**2 + 166*l - 44*l - 2*l**3 + 5 - 50*l. Let k be (8 + -2)*2/(-2). Give f(k).
-12
Let p(f) = -f**2 + 24*f + 28. Let i be p(25). Suppose 0 = -i*m - 3 - 9. Let t(n) = 3*n + 4. Give t(m).
-8
Suppose -2*p = -3*p. Let s(q) = -q**3 - q**2 - q. Let r be s(p). Let d(w) = -w**3 + 1. Let n(k) = k**3 + k + 3. Let o(u) = 2*d(u) + n(u). Give o(r).
5
Let n = 538 - 512. Let m(x) = -9 + x + n - 9. What is m(-11)?
-3
Suppose -11*y = 5*x - 12*y + 37, -7*y + 28 = -2*x. Let m(f) be the second derivative of f**5/20 + f**4/2 - 3*f**3/2 - f**2 - 15*f. Determine m(x).
12
Let j(m) = m**3 - 22*m**2 + 22*m - 25. Suppose 2*w + 66 = 4*q - 14, -6*q + 136 = 5*w. Give j(q).
-4
Suppose -3*o + 8*o = 0. Let x(r) = 3 + o*r + 1 + 2*r. Let s(k) = 5*k**2 - 454*k + 357. Let b be s(90). Give x(b).
-2
Let t = -2546 + 2542. Let h(b) = -b**2 - 20*b - 63. Calculate h(t).
1
Let s(d) = -3*d - 9. Suppose -u + 9 = 4*o, 2*u - 3*o - 5 = 2*o. Let f(t) = 9 - 9 - t + 1. Let q(l) = u*f(l) - s(l). What is q(10)?
-6
Let x(b) be the first derivative of 7*b**2/2 + b + 8. Let q be 159/(-51) + 4/34. Determine x(q).
-20
Let s(y) = 65*y**3 + 2*y**2 - 3*y + 1. Suppose -49*i - 10 + 59 = 0. What is s(i)?
65
Suppose 29*r - 1810 = 24*r. Let o = 363 - r. Let p(y) = 4*y**3 + y**2. What is p(o)?
5
Let i(x) = 69*x + 2911. Let q be i(-42). Let g(v) = -v**3 + 15*v**2 - 26*v - 13. Calculate g(q).
-13
Let r(d) = 385*d + 5*d**2 - 2 + d**3 - 2 - 188*d + 0*d**2 - 192*d. Let g = 40 + -44. Give r(g).
-8
Suppose -37*t + 3732 = 291. Suppose -5*o + t = 43. Let l(u) = 4 + 3*u - 5*u + 9. Give l(o).
-7
Let l(v) = -33*v - v**2 + 57*v - 25*v + 26. Let t be l(-5). Let b(r) be the first derivative of 2*r**3/3 - 9*r**2/2 - 1. Calculate b(t).
18
Let z(v) be the third derivative of v**6/120 - v**5/3 - v**3/6 + 989*v**2. Give z(20).
-1
Suppose y + 8 = 4*b - 6, 2*y + 49 = b. Let r = y + 29. Let a(c) = 2*c - 3. Calculate a(r).
3
Let q(u) = -402954*u + 29 + 6*u**2 + 402966*u - 12*u**2 - u**3. What is q(-7)?
-6
Let g be (-238)/(-42)*-3 - -14. Let i(x) = x**3 + 3*x**2 - 6*x - 10. Determine i(g).
8
Let r(h) be the second derivative of -13/12*h**4 - 7*h - 1/6*h**3 + 9 - 1/20*h**5 - 7/2*h**2. What is r(-13)?
6
Let l(q) be the third derivative of -q**5/30 - q**4/24 + q**3/6 + 9*q**2 + 2*q - 43. Suppose 3*a = 6 - 0. Give l(a).
-9
Let c(u) = -u**2 - 6*u - 1. Suppose -4*a + 5*w - 120 = -9*a, -5*w = -2*a + 27. Suppose -27 = 5*n - 2*j, -3*n = 3*j + a + 12. What is c(n)?
-8
Let k(u) be the third derivative of u**6/120 + 13*u**5/60 - u**4/8 + 7*u**3/6 + 6082*u**2. Calculate k(-12).
187
Let y(u) = -7*u**3 + 112*u**2 - 2*u + 29. Let h be y(16). Let r(x) = -6*x + 14. Determine r(h).
32
Let p(s) = -3 - 6*s - 2 + 6. Let k(f) = 20*f - 124. Let v(y) = y - 1. Let m(l) = -k(l) + 5*v(l). Let b be m(8). Calculate p(b).
7
Let h be 30/(-4)*(-71 + 85 - 52/5). Let t(v) = -v**3 - 25*v**2 + 53*v - 46. Give t(h).
-19
Let i(y) be the first derivative of -y**4/4 + 2*y**3 + y**2 - y + 35. Let f = -20 - -20. Suppose -3*r = w, f*w = -5*w + r + 32. What is i(w)?
11
Let i(c) = c**2 - 5*c + 1. Suppose 28*v + 2*r = 25*v + 991, -5*v - r + 1654 = 0. Let n = v + -326. Determine i(n).
1
Let g(o) = -4*o**2 - o - 6. Let c(m) = m**3 + 25*m**2 + 153*m - 11. Let f be c(-11). Calculate g(f).
-6
Let m(y) = y - 2. Let n = -13 - 44. Let x = -54 - n. Suppose 0 = x*j - 4*w + 5, -5*j = 3*w - 8*w + 5. Determine m(j).
-1
Let d = 13956 - 13955. Let h(y) = -22*y**2 - 4*y + 3. Give h(d).
-23
Let n(d) = -3*d**2 + 45*d + 23. Let p(m) = m**3 + 161*m**2 - 4*m - 629. Let j be p(-161). Calculate n(j).
23
Suppose -2*y = -y - 0*y. Suppose -48 = -y*s - 4*s. Let f(v) = 3 + v**2 - s*v + 31*v + 1 - 15*v. What is f(-6)?
16
Let q(l) be the second derivative of l**3/2 - 11*l**2/2 - 2767*l. Calculate q(3).
-2
Suppose 0 = 4*d - 101*d - 679. Let y(a) = a + 3. Determine y(d).
-4
Let f be (63/(-35))/((-9)/15). Let c be (-6)/(-9) + (-2)/f. Let d(g) = g**3 - g + 3. Give d(c).
3
Let i(q) = q**2 + 11*q + 7. Let y(r) = 4*r**2 + 45*r + 30. Let n(u) = -2*u**2 + 12*u + 16. Let h be n(7). Let x(c) = h*y(c) - 9*i(c). Determine x(-8).
5
Let u(n) = n**3 - 10*n**2 + 8*n + 8. Let o be (19 + -13)*195/2 + -3. Let w = o - 573. Give u(w).
-1
Let v(h) be the second derivative of h**4/3 - h**3/2 + 3*h**2/2 + h. Suppose 63*w - 573 - 75 = -261*w. Give v(w).
13
Let t(q) = -q**3 + 15*q**2 + 31*q + 25. Let s be 26/130*(-20)/16*-68. Give t(s).
-26
Let y(d) = -46 - 4*d + 7*d + 3*d - d**3 + 2*d - 9*d - 46*d**2. What is y(-46)?
0
Let r(f) = -4 - 15*f - 2*f**2 + 36*f - 17*f - 13*f + f**2. What is r(-8)?
4
Let r = 16935 - 16941. Let u(q) = -2 - 2 - 4 - 3*q + 2*q. Give u(r).
-2
Let t(a) = -a - 5. Let d(r) = 2*r**3 - 5*r**2 - 9*r + 23. Let b be d(5). Let x = b + -103. Give t(x).
-5
Let v = 17588 - 17590. Let s(u) = -33*u - 6. What is s(v)?
60
Let w(p) = -p. Let u(a) = 4*a + 1. Let t(d) = u(d) + 6*w(d). Let v(s) = -s - 56. Let o be v(-51). Let j be (o + 1 - 3) + 5. What is t(j)?
5
Let u(s) be the third derivative of -s**5/40 - s**4/2 - 79*s**3/6 + 60*s**2. Let g(k) be the first derivative of u(k). What is g(-9)?
15
Suppose -13*m = -5*q - 60, 0 = -m - 2*q + 2 + 5. Let a(t) = t**2 + 2*t - 42. Determine a(m).
-7
Let w(t) be the first derivative of -t**5/20 + t**4/3 - t**3/6 + t**2/2 - 74*t + 132. Let z(k) be the first derivative of w(k). Calculate z(4).
-3
Let g(i) = -10*i + 9. Let m(f) = -2*f + 1. Let q = 293 + -287. Let a(t) = q*m(t) - g(t). What is a(4)?
-11
Let r(c) = -c**3 + 3*c**2 + 2*c + 4. Let y(t) = -9*t - 14. Let v be y(-2). Let h be v + -7 + (-4 - (-16 - -5)). Calculate r(h).
-4
Let u(i) = -6*i + 4. Let a(l) = -20*l + 25 - 22 + 10. Let s(h) = 2*a(h) - 7*u(h). Give s(2).
2
Let s(w) = -w**3 + 5*w**2 - 8*w + 7. Suppose -5*q = h - 50, -h + 6*h - 4*q = 105. Suppose -h*r + 112 + 13 = 0. Determine s(r).
-33
Let h = 14 - 8. Let w be (h/9)/(-2)*-6. Let c(u) be the second derivative of u**4/12 - u**3/3 - u**2/2 + 7*u - 2. Calculate c(w).
-1
Suppose -3*d + 10 - 1 = 0. Let f(b) = 7*b**2 - 2*b**3 - 5*b + 7 + d*b**3 + 13*b. Suppose 4*h + 2*h + 36 = 0. Give f(h).
-5
Suppose 0 = 4*b + 9*v - 76, -147*b - v = -145*b - 24. Let h(w) = -w + 15. Calculate h(